est common divisor of m and 632?
8
Let j(c) = 45*c + 28. Let p be j(12). Suppose -367 = -5*g - 354*v + 352*v, 2*g - 4*v = 118. What is the highest common divisor of p and g?
71
Let x be 7/(56/72) + 262. Let o = -229 + x. Calculate the highest common divisor of 448 and o.
14
Suppose 14*i + 37*i = -40*i + 149695. Calculate the highest common divisor of i and 2115.
235
Suppose 44*g = 42*g + 572. Suppose 2*a = 5*n + g, -5*n + 2 = -6*n. What is the highest common divisor of a and 46?
46
Suppose -2*i - 2151 = 5*j, -2139 = 26*j - 21*j - 2*i. Let u be ((-39)/(-4))/(j/(-44) + -9). What is the highest common divisor of 299 and u?
13
Let s(l) = 102*l**2 + 6*l + 9. Let j be s(-3). Calculate the highest common factor of 505 and j.
101
Suppose 7*p = -631 + 1527. Suppose -l - z = z - 54, z = -l + 51. Calculate the greatest common divisor of p and l.
16
Let x(v) = -122*v + 1280. Let p be x(0). Suppose -5*r + 102 = 2*j - 0*j, -3*j + 83 = 4*r. What is the greatest common divisor of p and r?
20
Suppose -r = 3*p - 72, -3*r - 4*p + 3*p = -184. Let m(b) = -b**3 - 5*b**2 + 35*b - 75. Let d be m(-10). Calculate the greatest common factor of d and r.
15
Let w be (-1 - (3 - 19)) + 1. Let n(o) = 111*o - 1132. Let z be n(12). Calculate the greatest common factor of w and z.
8
Let k = 15624 - 13401. Calculate the greatest common factor of 52 and k.
13
Let f(h) be the second derivative of -h**3/2 - h. Suppose -28 = -2*o + w - 49, -37 = 4*o - 3*w. Let m be f(o). Calculate the greatest common factor of 13 and m.
13
Let u = 2501 - 2396. Calculate the highest common divisor of 3255 and u.
105
Suppose 0 = 76*h + 6*h + 44*h - 7056. What is the highest common divisor of h and 3736?
8
Let q be 0/(3*(40/(-15) - -2)). Suppose q = 34*g - 9 - 7505. What is the highest common factor of g and 13?
13
Suppose 5*k - 23 = -3*s - s, 5*k + 1 = -2*s. Let d(o) = 10*o + 90. Let h be d(-5). Let f be 1/(-2) + 3380/h. What is the greatest common factor of s and f?
12
Let q(d) = 5*d**2 - 4*d - 1. Suppose 0 = -19*p + 14*p + 25. Let w be q(p). Calculate the greatest common factor of w and 13.
13
Let s be ((-3)/(-9))/((-4)/(-36)) + -3. Suppose s = -3*l + 376 - 256. What is the highest common divisor of l and 10?
10
Let r be -8 + (29 - 0)/(-1). Let m(z) = z + 73. Let s be m(r). What is the highest common factor of s and 99?
9
Let l(o) = 797*o - 1. Let p be l(-1). Let k be p/(-54) + 10/45. Calculate the greatest common divisor of 75 and k.
15
Let u = -6068 - -6104. Calculate the highest common factor of 184 and u.
4
Let j(s) = 81*s**2 + s - 4. Let k be (-16)/10*(-20)/8. Let t be j(k). Suppose -7*u - 5*u = -t. Calculate the highest common divisor of 12 and u.
12
Let g(z) = 69*z - 7. Suppose 8*c - 4*c = l + 11, -5*l - 11 = 2*c. Let v be g(c). Suppose -9*i = -v - 67. Calculate the greatest common divisor of 132 and i.
22
Suppose -10*f - 974 = 726. Let o be (-1680)/f - 4/(-34). Let g(h) = h**2 - 9*h + 23. Let d be g(o). Calculate the highest common divisor of 165 and d.
33
Suppose 0*l + 3308 = 4*l. Suppose 4*v - l = -179. Let j = -32941 - -32959. What is the greatest common divisor of v and j?
18
Let z(n) = n + 4. Let j be z(2). Suppose -2*v + 4*g = j, 2*g = 4*v + 5*g - 21. Let f be (-2)/(-1*v/45). Calculate the highest common factor of f and 10.
10
Let p be 131/(4192/18048) - (-11 + -1). What is the greatest common factor of 168 and p?
24
Let h(l) be the second derivative of 17*l**3/6 + 19*l**2/2 + 11*l. Let y be h(5). Let c = y - 86. What is the highest common factor of c and 162?
18
Let t(r) = -r**2 - 13*r + 7. Let w be t(-16). Let y = w - -42. Let a be (y + 0)/(2/6). What is the highest common divisor of a and 3?
3
Let i be ((-16)/40)/((-3)/5850). Suppose 0 = n - 5*t - 170, 0*n - i = -4*n - 5*t. Suppose 0 = -5*c + 5 + n. What is the greatest common factor of c and 13?
13
Let t be (155*-2)/(4/(-10)). Let z = -11782 + 11813. Calculate the highest common divisor of t and z.
31
Let p be (-72)/(-7)*(-2079)/(-198). Calculate the highest common divisor of 594 and p.
54
Let f(m) = 17*m + 18. Let w be f(-3). Let q = 39 + w. Let k = -18 + 42. Calculate the greatest common divisor of q and k.
6
Let r = -8034 - -10322. Calculate the highest common divisor of r and 48.
16
Suppose 4*r - 578 = 3*q, 7*q - 758 = 11*q + r. Let g = q + 127. Let s = -42 - g. What is the greatest common factor of 28 and s?
7
Let l(d) = 34*d - 1680. Let p be l(52). What is the highest common factor of 108 and p?
4
Suppose -5*k + 2320 = 5*v, 21*v = 24*v + 4*k - 1397. Calculate the highest common factor of v and 243.
27
Let n be 23 - (11 - -9 - 2). Let k(b) = 4*b + 3. Let j be k(3). Calculate the highest common divisor of n and j.
5
Suppose 4*j = 7*j - 3*n - 15, -15 = 5*n. Suppose j*q - 260 = -3*z - 36, 0 = 5*z - q - 382. Calculate the highest common divisor of 8 and z.
4
Let m be (-6)/(5 - 351/65). Let w = 53 + 67. What is the highest common factor of w and m?
15
Suppose -4*h - 3*d + 780 = 0, d = -3*h + 5*h - 400. Let u = 343 - h. What is the greatest common factor of u and 29?
29
Let r = 5 - 3. Suppose -2*g + 291 = r*g - 3*u, 5*g - 364 = 4*u. Suppose -9*z + 444 = 12. What is the highest common factor of g and z?
24
Let k be (-5 - -46)*-1*-7. Let c be (k/49 + -7)*-91. What is the greatest common factor of 182 and c?
26
Let z be 222/12*6*(-1)/3. Let q = z + 41. Suppose q*g - 60 = g. What is the highest common divisor of g and 100?
20
Let q(n) = n**3 + 8*n**2 - 30*n - 183. Let v be q(-7). Calculate the greatest common factor of 44 and v.
4
Suppose s = -3*w - 1009, 3*w + 5*s + 879 = -134. Let g = w - -686. What is the highest common divisor of 28 and g?
14
Suppose -102*h + 32 = -94*h. Calculate the greatest common divisor of h and 562.
2
Let p = 173 - 154. Let d = 22 - p. Calculate the highest common divisor of d and 3.
3
Let c(a) = a**3 - 14*a**2 + 31*a - 64. Let h be c(12). What is the highest common factor of 430 and h?
10
Suppose 0 = -g + 2*d + 73 + 1145, g - 3*d - 1218 = 0. Suppose -401*a + 395*a + g = 0. Calculate the greatest common factor of a and 87.
29
Suppose -37 = 5*t - 12, -17 = i + 5*t. Let g be (-7 + i)*100/1. Calculate the greatest common factor of 180 and g.
20
Let o(d) = 3885*d**2 + 16*d - 15. Let r be o(1). What is the greatest common divisor of r and 29?
29
Let o(n) = 5*n**2 + 7*n - 30. Let f be o(7). Let w be 48 - (0 + 0*4/12). What is the highest common divisor of w and f?
24
Let c(w) = 88*w - 191. Let b be (-33 - -25) + 12/1. Let x be c(b). What is the greatest common factor of x and 35?
7
Suppose 2*u + 7*v = 279, 4*u + 6*v - 488 = 2*v. Calculate the greatest common factor of u and 160.
5
Let i(w) = 7*w**3 + 909*w**2 - 137*w + 114. Let a be i(-130). Calculate the greatest common factor of a and 1888.
32
Let s(f) = 25*f - 1005. Let i be s(60). Calculate the greatest common divisor of 88 and i.
11
Let o = -5036 + 5038. Calculate the greatest common factor of o and 34.
2
Suppose -6*o - 40*o + 31648 = 0. Calculate the greatest common divisor of 3698 and o.
86
Let f be (-1 - 5/2)*(-4 + (-480)/14). What is the highest common factor of 9782 and f?
134
Let o be (-1)/(-3)*(-65)/(130/(-2364)). Calculate the greatest common factor of o and 19503.
197
Let t be 92/(-8)*-5*(-13)/((-52)/80). What is the highest common factor of 70 and t?
10
Suppose -z - z + 24 = 0. Let s(n) = -n**3 - 23*n**2 - 29*n - 28. Let k be s(-22). Suppose k = 14*x - 210. What is the highest common divisor of z and x?
12
Let i = 3657 + -2649. Calculate the highest common divisor of i and 315.
63
Let g be (3/(-4))/(2/(-520)). Suppose 5*n - 83 = -z, 0 = 4*n - 799*z + 795*z - 28. What is the greatest common factor of n and g?
15
Let x be (24/30)/(-2 + 87/45). Let i be 34/(-1)*(-18)/x. Let w = i - -64. What is the greatest common factor of w and 65?
13
Let q = -3 + 8. Let o = 393 - 223. Calculate the highest common divisor of o and q.
5
Let j = 469 + -525. Let h be (0 + -2)*j/16. Suppose -3*c = -c - 70. What is the greatest common divisor of h and c?
7
Let z = 10337 + -10304. Calculate the greatest common factor of 14817 and z.
33
Let z = 13724 + -7356. Calculate the greatest common factor of 1393 and z.
199
Suppose -4*p - 6 = 4*z - 50, 2*p + 10 = 0. Let k be 53*2 - (7 - -16 - 21). What is the highest common divisor of k and z?
8
Suppose -2373 = 39*m - 7989. What i